{"id":263,"date":"2022-08-08T13:48:21","date_gmt":"2022-08-08T11:48:21","guid":{"rendered":"http:\/\/etresetbienetre.com\/?page_id=263"},"modified":"2022-09-22T10:21:37","modified_gmt":"2022-09-22T08:21:37","slug":"calendrier","status":"publish","type":"page","link":"https:\/\/etresetbienetre.com\/?page_id=263","title":{"rendered":"Calendrier"},"content":{"rendered":"\n<div class=\"wp-block-image\"><figure class=\"alignleft size-large is-resized\"><img loading=\"lazy\" src=\"http:\/\/etresetbienetre.com\/wp-content\/uploads\/2022\/08\/Calendrier-1024x996.jpg\" alt=\"\" class=\"wp-image-307\" width=\"173\" height=\"169\" srcset=\"https:\/\/etresetbienetre.com\/wp-content\/uploads\/2022\/08\/Calendrier-1024x996.jpg 1024w, https:\/\/etresetbienetre.com\/wp-content\/uploads\/2022\/08\/Calendrier-300x292.jpg 300w, https:\/\/etresetbienetre.com\/wp-content\/uploads\/2022\/08\/Calendrier-768x747.jpg 768w, https:\/\/etresetbienetre.com\/wp-content\/uploads\/2022\/08\/Calendrier-1536x1493.jpg 1536w, https:\/\/etresetbienetre.com\/wp-content\/uploads\/2022\/08\/Calendrier-2048x1991.jpg 2048w\" sizes=\"(max-width: 173px) 100vw, 173px\" \/><\/figure><\/div>\n\n\n\n<p><br><br><strong><span style=\"color:#de4e0b\" class=\"has-inline-color\">\u2022 Ateliers Chamanique<\/span><\/strong>s<br>S\u00e9ance de 3 heures en groupe de 4 \u00e0 7 personnes<br>&#8211; Dates pr\u00e9vues :<br>. 2 octobre 2022<\/p>\n\n\n\n<p><strong><span style=\"color:#b23f15\" class=\"has-inline-color\">\u2022 Formation chamanique<\/span><\/strong><br><strong>Niveau I<\/strong><br>Dur\u00e9e de la formation sur un week-end<br>&#8211; Dates pr\u00e9vues :<br>xox xox xo xo xo x<br><strong>Niveau II<\/strong><br>Dur\u00e9e de la formation sur un week-end<br>&#8211; Dates pr\u00e9vues :<br>xox xox xo xo xo x<\/p>\n","protected":false},"excerpt":{"rendered":"<p>\u2022 Ateliers ChamaniquesS\u00e9ance de 3 heures en groupe de 4 \u00e0 7 personnes&#8211; Dates pr\u00e9vues :. 2 octobre 2022 \u2022 Formation chamaniqueNiveau IDur\u00e9e de la formation sur un week-end&#8211; Dates pr\u00e9vues :xox xox xo xo xo xNiveau IIDur\u00e9e de la formation sur un week-end&#8211; Dates pr\u00e9vues :xox xox xo xo [&hellip;]<\/p>\n","protected":false},"author":1,"featured_media":0,"parent":0,"menu_order":0,"comment_status":"closed","ping_status":"closed","template":"","meta":{"_ti_tpc_template_sync":false,"_ti_tpc_template_id":""},"_links":{"self":[{"href":"https:\/\/etresetbienetre.com\/index.php?rest_route=\/wp\/v2\/pages\/263"}],"collection":[{"href":"https:\/\/etresetbienetre.com\/index.php?rest_route=\/wp\/v2\/pages"}],"about":[{"href":"https:\/\/etresetbienetre.com\/index.php?rest_route=\/wp\/v2\/types\/page"}],"author":[{"embeddable":true,"href":"https:\/\/etresetbienetre.com\/index.php?rest_route=\/wp\/v2\/users\/1"}],"replies":[{"embeddable":true,"href":"https:\/\/etresetbienetre.com\/index.php?rest_route=%2Fwp%2Fv2%2Fcomments&post=263"}],"version-history":[{"count":9,"href":"https:\/\/etresetbienetre.com\/index.php?rest_route=\/wp\/v2\/pages\/263\/revisions"}],"predecessor-version":[{"id":317,"href":"https:\/\/etresetbienetre.com\/index.php?rest_route=\/wp\/v2\/pages\/263\/revisions\/317"}],"wp:attachment":[{"href":"https:\/\/etresetbienetre.com\/index.php?rest_route=%2Fwp%2Fv2%2Fmedia&parent=263"}],"curies":[{"name":"wp","href":"https:\/\/api.w.org\/{rel}","templated":true}]}}